e factors of 628.
2, 157
List the prime factors of 29114.
2, 14557
What are the prime factors of 111882?
2, 3, 29, 643
What are the prime factors of 915?
3, 5, 61
List the prime factors of 30873.
3, 41, 251
List the prime factors of 1203.
3, 401
What are the prime factors of 3595?
5, 719
List the prime factors of 14972.
2, 19, 197
List the prime factors of 7801.
29, 269
What are the prime factors of 9182?
2, 4591
List the prime factors of 60388.
2, 31, 487
List the prime factors of 5384.
2, 673
List the prime factors of 1308.
2, 3, 109
List the prime factors of 44101.
44101
What are the prime factors of 6035?
5, 17, 71
What are the prime factors of 46334?
2, 23167
What are the prime factors of 11743?
11743
List the prime factors of 143905.
5, 17, 1693
What are the prime factors of 2814?
2, 3, 7, 67
What are the prime factors of 137514?
2, 3, 13, 41, 43
What are the prime factors of 13907?
13907
List the prime factors of 13859.
13859
List the prime factors of 4966.
2, 13, 191
List the prime factors of 7208.
2, 17, 53
List the prime factors of 96995.
5, 19, 1021
List the prime factors of 44782.
2, 22391
What are the prime factors of 9562?
2, 7, 683
List the prime factors of 1327.
1327
What are the prime factors of 3114?
2, 3, 173
List the prime factors of 8363.
8363
List the prime factors of 6837.
3, 43, 53
What are the prime factors of 527?
17, 31
List the prime factors of 37416.
2, 3, 1559
What are the prime factors of 293?
293
What are the prime factors of 145?
5, 29
List the prime factors of 35526.
2, 3, 31, 191
What are the prime factors of 22341?
3, 11, 677
List the prime factors of 1153.
1153
List the prime factors of 3632.
2, 227
List the prime factors of 221.
13, 17
List the prime factors of 1166.
2, 11, 53
What are the prime factors of 45098?
2, 22549
What are the prime factors of 4216?
2, 17, 31
What are the prime factors of 1773?
3, 197
List the prime factors of 1501.
19, 79
List the prime factors of 5977.
43, 139
What are the prime factors of 55149?
3, 31, 593
What are the prime factors of 102526?
2, 51263
List the prime factors of 314.
2, 157
List the prime factors of 1492.
2, 373
List the prime factors of 43668.
2, 3, 1213
List the prime factors of 526.
2, 263
List the prime factors of 2015.
5, 13, 31
What are the prime factors of 111383?
31, 3593
List the prime factors of 93819.
3, 11, 2843
What are the prime factors of 3929?
3929
What are the prime factors of 50007?
3, 79, 211
List the prime factors of 31048.
2, 3881
List the prime factors of 429.
3, 11, 13
List the prime factors of 250.
2, 5
List the prime factors of 20122.
2, 10061
List the prime factors of 34844.
2, 31, 281
List the prime factors of 5560.
2, 5, 139
List the prime factors of 67097.
229, 293
List the prime factors of 1173.
3, 17, 23
List the prime factors of 35783.
11, 3253
What are the prime factors of 6174?
2, 3, 7
What are the prime factors of 10320?
2, 3, 5, 43
What are the prime factors of 639?
3, 71
List the prime factors of 19792.
2, 1237
What are the prime factors of 829?
829
List the prime factors of 5769.
3, 641
List the prime factors of 4854.
2, 3, 809
List the prime factors of 8147.
8147
List the prime factors of 37995.
3, 5, 17, 149
List the prime factors of 18.
2, 3
What are the prime factors of 459?
3, 17
List the prime factors of 22790.
2, 5, 43, 53
List the prime factors of 1812.
2, 3, 151
List the prime factors of 44183.
17, 23, 113
List the prime factors of 29073.
3, 11, 881
What are the prime factors of 88625?
5, 709
List the prime factors of 77676.
2, 3, 6473
List the prime factors of 1150.
2, 5, 23
List the prime factors of 797.
797
List the prime factors of 5157.
3, 191
What are the prime factors of 105?
3, 5, 7
What are the prime factors of 63504?
2, 3, 7
List the prime factors of 84797.
19, 4463
What are the prime factors of 1566?
2, 3, 29
What are the prime factors of 35538?
2, 3, 5923
What are the prime factors of 14343?
3, 7, 683
What are the prime factors of 1214?
2, 607
What are the prime factors of 1042?
2, 521
List the prime factors of 843.
3, 281
List the prime factors of 20956.
2, 13, 31
What are the prime factors of 9259?
47, 197
What are the prime factors of 240?
2, 3, 5
List the prime factors of 6314.
2, 7, 11, 41
List the prime factors of 66426.
2, 3, 11071
What are the prime factors of 11904?
2, 3, 31
What are the prime factors of 201?
3, 67
What are the prime factors of 15547?
7, 2221
What are the prime factors of 8881?
83, 107
List the prime factors of 1887.
3, 17, 37
List the prime factors of 1374.
2, 3, 229
List the prime factors of 12625.
5, 101
What are the prime factors of 10229?
53, 193
What are the prime factors of 949?
13, 73
What are the prime factors of 19799?
13, 1523
List the prime factors of 174241.
174241
List the prime factors of 13330.
2, 5, 31, 43
List the prime factors of 1638.
2, 3, 7, 13
What are the prime factors of 30430?
2, 5, 17, 179
What are the prime factors of 688?
2, 43
What are the prime factors of 4512?
2, 3, 47
What are the prime factors of 172?
2, 43
What are the prime factors of 534?
2, 3, 89
List the prime factors of 8438.
2, 4219
List the prime factors of 3929.
3929
List the prime factors of 110494.
2, 101, 547
List the prime factors of 52381.
7, 1069
What are the prime factors of 35903?
7, 23, 223
List the prime factors of 32377.
32377
List the prime factors of 2672.
2, 167
List the prime factors of 1197.
3, 7, 19
What are the prime factors of 38637?
3, 53
What are the prime factors of 18468?
2, 3, 19
What are the prime factors of 1860?
2, 3, 5, 31
What are the prime factors of 1351?
7, 193
List the prime factors of 8553.
3, 2851
List the prime factors of 3590.
2, 5, 359
List the prime factors of 690.
2, 3, 5, 23
List the prime factors of 553.
7, 79
What are the prime factors of 735?
3, 5, 7
List the prime factors of 1830.
2, 3, 5, 61
What are the prime factors of 2223?
3, 13, 19
List the prime factors of 1531.
1531
What are the prime factors of 691?
691
List the prime factors of 65290.
2, 5, 6529
What are the prime factors of 280?
2, 5, 7
What are the prime factors of 40656?
2, 3, 7, 11
List the prime factors of 1188.
2, 3, 11
What are the prime factors of 297?
3, 11
What are the prime factors of 1195?
5, 239
What are the prime factors of 87710?
2, 5, 7, 179
What are the prime factors of 257?
257
List the prime factors of 96828.
2, 3, 8069
What are the prime factors of 5799?
3, 1933
What are the prime factors of 49770?
2, 3, 5, 7, 79
List the prime factors of 6246.
2, 3, 347
List the prime factors of 1398.
2, 3, 233
List the prime factors of 1390.
2, 5, 139
List the prime factors of 927.
3, 103
List the prime factors of 1569.
3, 523
What are the prime factors of 72810?
2, 3, 5, 809
What are the prime factors of 11810?
2, 5, 1181
List the prime factors of 23036.
2, 13, 443
What are the prime factors of 5366?
2, 2683
List the prime factors of 12947.
11, 107
List the prime factors of 50252.
2, 17, 739
List the prime factors of 2283.
3, 761
What are the prime factors of 224?
2, 7
List the prime factors of 3613.
3613
What are the prime factors of 8707?
8707
What are the prime factors of 24253?
79, 307
List the prime factors of 14970.
2, 3, 5, 499
List the prime factors of 3142.
2, 1571
What are the prime factors of 2004?
2, 3, 167
List the prime factors of 2696.
2, 337
List the prime factors of 910.
2, 5, 7, 13
List the prime factors of 88695.
3, 5, 73
What are the prime factors of 18001?
47, 383
What are the prime factors of 41357?
41357
List the prime factors of 14384.
2, 29, 31
List the prime factors of 6510.
2, 3, 5, 7, 31
List the prime factors of 201.
3, 67
What are the prime factors of 1093?
1093
List the prime factors of 73456.
2, 4591
What are the prime factors of 1094?
2, 547
What are the prime factors of 10799?
10799
List the prime factors of 15935.
5, 3187
List the prime factors of 3160.
2, 5, 79
List the prime factors of 35427.
3, 7, 241
What are the prime factors of 3925?
5, 157
What are the prime factors of 14130?
2, 3, 5, 157
List the prime factors of 630.
2, 3, 5, 7
List the prime factors of 276.
2, 3, 23
List the prime factors of 39161.
39161
List the prime factors of 178372.
2, 19, 2347
What are the prime factors of 40825?
5, 23, 71
List the prime factors of 146.
2,